is the tens digit of l?
1
Suppose -2*t - 2*v + 170 = -5*v, 2*t - 170 = -4*v. What is the units digit of t?
5
Let y = 19 + -10. Suppose -p + 2*p - 5*w - 18 = 0, -3*w = y. Suppose 28 = p*s + 2*i, -2*s + 4*s - i - 21 = 0. What is the units digit of s?
0
Let k(a) = a**2 + 4*a + 1. Let t be k(-5). Suppose -4*q + 3*u + 3 = -21, -3*u = 2*q + t. Let c(p) = p + 4. What is the units digit of c(q)?
7
Let i be (-9)/(-3) - (1 + 2). Suppose 2*o - 10 = i, 17 = 2*h + o - 30. What is the tens digit of h?
2
Suppose 5*a - 25 = -2*x, -x + 28 = a + 4*x. Suppose 0 = a*q - 79 + 31. What is the units digit of 8/q*(-1 + 35)?
7
Suppose -2*s = a - 8, a = -3*s - s + 18. Suppose 5*i = -3*c + s, c - i = 5*c - 1. Let z = c - -1. What is the units digit of z?
1
Suppose 0*y = y - 2. Let s be (y - 11*-1) + 1. Let u = -10 + s. What is the units digit of u?
4
Let t(y) = y. Let f(g) = -g**2 - g - 42. Let h(b) = -f(b) - 2*t(b). What is the units digit of h(0)?
2
Suppose -n + 71 = 3*j + 3*n, -5*j - 5*n + 110 = 0. Suppose 5 = z, -j = d - z - 3*z. What is the units digit of d?
3
Let b(n) be the second derivative of -n**5/10 + n**4/6 + 2*n**3/3 + n**2 - 5*n. Let w be (-3)/3*-1*-2. What is the units digit of b(w)?
8
Suppose -n = -5*n - 52. Let l = 30 + n. What is the units digit of l?
7
Let l = 29 + 5. Let r = -10 + l. What is the units digit of r?
4
Let j = -77 + 152. What is the tens digit of j?
7
Let f be (-5)/((-3 - -1)/2). Suppose b - 142 = -5*r, f*b + 75 = 4*r - 27. Suppose 0 = 3*d + d - r. What is the units digit of d?
7
Let m = 43 + 14. What is the tens digit of m?
5
What is the units digit of 3/(-15) - 528/(-15)?
5
Let m(j) = -1 + 2*j + 1 - j**3 + 5 - 6 + 6*j**2. What is the tens digit of m(6)?
1
Let i(j) = -3*j**3 + j**2 + 2*j - 1. Let m be i(-2). Let x = m + -13. What is the units digit of x?
0
Let v(u) = 2*u**2 + u + 14. What is the units digit of v(-5)?
9
Let l = 50 - 35. Let k be 24 + 1 + (-4)/2. Suppose -r + 4*u + k = 0, 2*r - 2*u = 13 + l. What is the units digit of r?
1
Let j(p) = -6*p - 3. Let f(t) = 11*t + 5. Let q(o) = 3*f(o) + 5*j(o). What is the tens digit of q(6)?
1
Suppose 5*q - 3*h = 112, 4*h - 4 = -0*h. What is the tens digit of q?
2
Let a be 6 + -1 + 2/(-1). Suppose -64 = a*w - 7*w - 4*v, -37 = -2*w - 3*v. Let k = w - 8. What is the units digit of k?
3
Let m(y) = -y**3 + 8*y**2 + 7*y - 12. What is the tens digit of m(8)?
4
Let m(l) = 32*l**2 - l - 2. What is the hundreds digit of m(2)?
1
What is the units digit of 155*(1 + 0) + (0 - -1)?
6
Suppose -2*h + h = 5*j + 2, -4*h + 16 = -4*j. Let l be (-2)/(-8) - (-275)/20. Suppose -2 = 2*i, -h*k + 5*i + l = -0*k. What is the units digit of k?
3
Suppose -3*c = 2*c - 10. Suppose 5*x - 2 = 4*k - 0, -10 = -c*k - 3*x. What is the units digit of k?
2
What is the units digit of 3/(9/47) + (-4)/(-3)?
7
Suppose 0 = -5*l + 2*d - 13, -d + 5 - 4 = 3*l. Let g be 1 + (-4 - l) + 9. Suppose 0 = w - 2 - g. What is the units digit of w?
9
Let b(i) = 14*i + 9. Let s be b(5). Suppose 19 = -4*m + s. What is the units digit of m?
5
Let i(w) = -w**3 + 11*w**2 - 10*w - 5. What is the units digit of i(9)?
7
Let k(p) be the first derivative of 5*p**3/3 + p**2/2 - 1. Suppose 0 = -3*u + 3. What is the units digit of k(u)?
6
Let l = -24 - -48. What is the units digit of l?
4
Let u = 183 + -108. Let b = u - 25. What is the tens digit of b?
5
Suppose l + 2*l - 142 = -4*z, -4*z + 156 = -4*l. What is the tens digit of z?
3
Suppose 5*c - 49 = 4*c. What is the tens digit of c?
4
Let n(w) = -w**3 - 7*w**2 - 6*w + 5. Let u be n(-6). Suppose 35 = 2*x + 3*j, 2*j = -u*x + 31 + 40. What is the units digit of x?
3
Let d(n) = n + 2. Let x be d(-3). Let q(b) = 9*b**2 - b. What is the units digit of q(x)?
0
Suppose 11*f - 14*f = -132. What is the units digit of f?
4
Let k = -7 - -12. Suppose 0 = -n + k - 3. Suppose 3 = n*w - 13. What is the units digit of w?
8
Let u be -2*3/(-18)*18. What is the tens digit of 88/u - (-8)/(-12)?
1
Suppose -f - 8 = 3*h - 2*f, 40 = -5*h - 5*f. Let q(u) = -8*u**3 + 2*u**2 + u. Let x be q(-1). Let b = x + h. What is the units digit of b?
5
Let x = 23 + -13. Let r = x - 6. What is the units digit of r/((-4)/2 + 4)?
2
Let x(n) = 4*n**2 - 1. Let d be x(2). Suppose -a - 1 = 2*y, 4*y + y = a + d. What is the units digit of y?
2
Suppose -2*m - 2*m - 12 = 0. Let r(c) = 1 + c**2 - 1 - 2*c + 3 - 4. What is the units digit of r(m)?
4
Let t be (-3)/(-1) + (-2)/(-1). Let g be -2*t/(5/(-4)). What is the tens digit of g/(-20) - 97/(-5)?
1
Let w be (2/4)/(3/(-6)). Suppose 0 = -5*d + 5*x + 15, 0 = 4*d - 2*x - x - 12. Let u = d - w. What is the units digit of u?
4
Let y(u) = -u**3 + 4*u**2 - 3*u + 3. Let f be y(3). Suppose -z = f - 5. What is the units digit of z?
2
Suppose 0 = 2*o - f - f - 4, f + 5 = 0. Let x be 15 - (o - -2 - -1). Suppose 0 = -3*r + 27 + x. What is the tens digit of r?
1
Suppose -130 = -3*m + u, -8*m - 5*u + 190 = -3*m. Suppose -2*f = f - 9. Suppose 4*b - 28 = -2*q, 0*b - m = -3*q - f*b. What is the units digit of q?
4
Let a be 1/((-6)/4 + 2). Let v(m) be the third derivative of m**6/120 + m**5/30 - m**4/8 + 7*m**2. What is the units digit of v(a)?
0
Let g(a) = 2*a**2 + 2*a - 14. What is the units digit of g(5)?
6
Suppose -r + 5*i = 2*r - 46, 4*r = i + 33. What is the units digit of r?
7
Let q(a) = -a. Let v(r) = -r - 2. Let d(j) = -4*q(j) + v(j). What is the tens digit of d(5)?
1
Suppose -4*p + y + 1 = -3*p, -p + 31 = 5*y. What is the units digit of p?
6
Let t be (-2)/10 + (-18)/(-15). Let x be 2 + -1 + (t - -6). Suppose x = m - 0. What is the units digit of m?
8
Suppose 3*o = 16 + 278. What is the tens digit of o?
9
Suppose 4*v + 10 = -r, r - 2*v = 4*r - 10. Suppose -7*y + 3 = -r*y. What is the units digit of y?
3
Let t = 162 + -98. Let x = t - 45. What is the tens digit of x?
1
Suppose 0 = 5*o - 3*d + 60, -3*o - d = -3*d + 35. Let p be 1 + (4/(-2) - o). Suppose 2*k = 10 + p. What is the units digit of k?
2
Suppose -44 + 7 = -r. Let f = -9 + r. What is the tens digit of f?
2
Suppose 1 = 5*l - 19. Let d be ((-6)/(-2))/(-6)*l. What is the units digit of 5*9*d/(-10)?
9
Suppose -3*g - g = 2*c - 328, 2 = -c. What is the tens digit of g?
8
Suppose 4*n - 5*f = 285, 0*n + 2*n + 4*f = 162. What is the tens digit of n?
7
Let b(k) be the third derivative of -k**6/120 - k**5/6 + k**3/2 + 3*k**2. Suppose 2*c + 0*c = -20. What is the units digit of b(c)?
3
Suppose 27 = 5*v + 2*t - t, -t = v - 7. What is the units digit of v?
5
Suppose 4*j - m - 4*m = 131, 3*j + 3*m = 132. Suppose j = a - 2*d, 0*d + 123 = 4*a + 3*d. What is the units digit of a/7 - (-10)/35?
5
Suppose 3*h + 2*s = 179, 2*h + s - 232 = -2*h. What is the tens digit of h?
5
Let t be ((-2)/5)/(1/(-5)). What is the units digit of 27/t*16/12?
8
Suppose -7*m - 42 = -203. What is the units digit of m?
3
Suppose 4*w - 28 = 3*i, 22 = 4*w - 2*i - 2. Let h = 3 - w. Let b = 2 + h. What is the units digit of b?
1
Suppose -4*x + 428 = -0*x - 3*f, -x = 3*f - 107. What is the hundreds digit of x?
1
Let k(h) = h**3 + 2*h**2 - 4*h + 2. Let j be k(-4). Let w(a) = a + 17. What is the units digit of w(j)?
3
Let v = 30 + 41. What is the units digit of v?
1
Let o be (-8)/28 + 30/7. Suppose -y + 3*y = -4*s - o, -4*s = -2*y + 28. What is the units digit of y?
6
Suppose -i - i = 5*a - 7, 3*i - 3 = 0. What is the units digit of -2 - (10/(-2))/a?
3
Let b be 62 + 0 + 3 - 0. Let c = b - 21. Suppose 4*i - c = -0*i. What is the tens digit of i?
1
Let d(f) = 6*f - 7. Let y = 5 + 1. What is the tens digit of d(y)?
2
Let h(r) = 2*r**2 - 31*r + 17. What is the units digit of h(17)?
8
Let c(a) = -a**2 - a + 5. Let w be c(0). Suppose 4*o = -4*j, w*j - o - 18 = 3*o. Let p = 3 + j. What is the units digit of p?
5
Let t(c) = -c**2 - 14*c - 1. What is the tens digit of t(-12)?
2
Suppose 10 = 3*v + 2*v. What is the tens digit of 2*(-1 + 21/v)?
1
Let t = 18 - -41. What is the units digit of t?
9
Suppose -2*i - 3 = -11. Suppose -5*o = -3*o - 8. Let j = o + i. What is the units digit of j?
8
Let b(s) = -s**3 + 6*s**2 + 7*s - 8. Let m be 3*(-4)/((-36)/21). Let p be b(m). Let y = p - -19. What is the units digit of y?
1
Suppose 5*d = c + c - 65, -c + 3*d = -33. Suppose x = b - c, b + 2*b - x - 90 = 0. Suppose -3*i = 2*i - b. What is the units digit of i?
6
Let q(u) = 65*u - 23. What is the tens digit of q(5)?
0
Let k(z